t is o(1)?
449
Let l(b) = b**2 - 3*b + 26. What is l(-5)?
66
Let i(n) = 86*n**2 - 30*n + 60. What is i(2)?
344
Let l(m) = 3*m**2 - 87*m + 138. Give l(26).
-96
Let y(n) = n**3 - 65*n**2 - 65*n - 33. Determine y(66).
33
Let u(m) = 9*m**3 + 608*m**2 + 923*m - 87. Determine u(-66).
-21
Let t(a) = 139*a - 19115. Give t(139).
206
Let d(s) = -2*s**2 - 15*s + 140. Give d(0).
140
Let f(a) = a**3 + 4*a**2 - 42*a + 23. What is f(-9)?
-4
Let z(h) = h**3 + 2*h**2 - 4*h - 6. Determine z(4).
74
Let i(n) = n**2 - 43*n + 215. Determine i(36).
-37
Let n(q) = -33*q - 4. Calculate n(1).
-37
Let i(c) = -39*c**3 - c**2 - 5*c + 7. What is i(1)?
-38
Let a(y) = -y**2 - 37*y - 160. Give a(-32).
0
Let i(t) = t**3 + 102*t**2 + 83*t - 1819. Give i(-101).
-1
Let t(o) = -2*o**3 + 9*o**2 + 11*o + 3. What is t(-1)?
3
Let v(z) = -z**2 - 55*z + 119. What is v(-57)?
5
Let a(s) = 25*s + 503. What is a(-17)?
78
Let z(h) = -74*h + 638. What is z(7)?
120
Let v(n) = 132*n**2 + 790*n - 9. Give v(-6).
3
Let o(n) = 141*n - 127. What is o(1)?
14
Let c(u) = -u**3 - 29*u**2 + 32*u + 25. Determine c(-30).
-35
Let c(i) = 87*i - 19743. What is c(227)?
6
Let w(g) = 2107*g + 16853. Calculate w(-8).
-3
Let j(h) = -4*h**2 - 112*h - 121. Calculate j(-24).
263
Let g(l) = -l**3 - 17*l**2 + 37*l - 71. Calculate g(-19).
-52
Let o(f) = -158*f**2 - f - 1. What is o(-1)?
-158
Let p(j) = -j**3 + 64*j**2 - 174*j + 3096. Determine p(62).
-4
Let j(r) = -r**3 - 29*r**2 - 131*r - 72. What is j(-24)?
192
Let i(o) = o**3 - 28*o**2 - 83*o - 335. What is i(31)?
-25
Let z(h) = 18*h - 959. Calculate z(53).
-5
Let w(q) = 593*q + 86579. Determine w(-146).
1
Let j(b) = b**2 + 16*b - 220. What is j(-25)?
5
Let y(o) = -2*o**3 - 133*o**2 + 206*o + 121. Give y(-68).
-15
Let y(c) = 7690*c + 261454. What is y(-34)?
-6
Let x(h) = -48*h + 4124. Give x(84).
92
Let c(y) = 3273*y - 32708. Calculate c(10).
22
Let t(y) = -5*y**2 - 41*y - 52. Calculate t(-7).
-10
Let y(o) = -o**3 - 82*o**2 + 298*o + 30700. What is y(-81)?
1
Let x(z) = -z**3 - 14*z**2 - 28*z - 45. Calculate x(-12).
3
Let d(q) = 2*q**3 - 41*q**2 - 23*q - 21. Calculate d(21).
-63
Let l(s) = s**3 - 8*s**2 + 5*s + 107. What is l(-5)?
-243
Let a(c) = -17*c**3 + 3*c**2 - 2. Determine a(2).
-126
Let x(v) = -v**3 - 50*v**2 - 66*v - 814. What is x(-49)?
19
Let t(u) = -17*u + 41. Determine t(-1).
58
Let y(v) = -47*v + 565. Calculate y(10).
95
Let v(x) = -x**3 - 20*x**2 - 28*x - 71. Calculate v(-18).
-215
Let q(o) = o**3 + 51*o**2 + 160*o + 767. Give q(-48).
-1
Let n(h) = -2*h**2 - 39*h + 68. Calculate n(-20).
48
Let l(w) = -w**3 - 3*w**2 + 28*w + 9. Calculate l(-6).
-51
Let b(q) = 3*q**3 + 9*q**2 - q - 7. Give b(-8).
-959
Let c(a) = 237*a - 464. Determine c(2).
10
Let f(c) = -2*c**3 + 24*c**2 + 2*c - 21. Determine f(12).
3
Let v(z) = 6632*z - 19872. Give v(3).
24
Let d(a) = 11*a**3 + 152*a**2 - 32*a - 56. Determine d(-14).
0
Let q(x) = -2*x**2 + 43*x + 209. Determine q(-4).
5
Let m(r) = 3*r**2 - 279*r - 256. Determine m(94).
26
Let r(d) = 60*d**3 + 7*d**2 - 7*d - 9. Calculate r(-1).
-55
Let t(q) = -179*q + 20418. Determine t(114).
12
Let n(j) = -j**3 - 58*j**2 + 106*j - 4703. Calculate n(-61).
-6
Let n(r) = -r**3 + 56*r**2 - 159*r - 9. What is n(3)?
-9
Let i(l) = -488*l - 3419. Calculate i(-7).
-3
Let z(p) = 5*p**2 + 102*p - 644. Determine z(5).
-9
Let s(j) = -1272*j + 7605. Give s(6).
-27
Let u(g) = -178*g - 15291. Give u(-86).
17
Let o(c) = -c**2 - 38*c + 134. Give o(-44).
-130
Let a(j) = 4*j**2 - 315*j + 6164. Give a(42).
-10
Let h(a) = a**2 + 113*a - 3447. Calculate h(25).
3
Let k(m) = -12*m**3 - 60*m**2 - 15*m - 77. Determine k(-5).
-2
Let b(f) = f**2 + 216*f - 111. Calculate b(0).
-111
Let v(n) = 2*n**2 - 70*n - 570. Give v(42).
18
Let y(x) = -5*x**2 + 82*x - 9. Determine y(23).
-768
Let c(y) = -y**2 + 21*y + 88. Determine c(-4).
-12
Let u(g) = -51*g - 232. Calculate u(-5).
23
Let n(b) = b**3 - 4*b**2 + 39*b + 1. Determine n(0).
1
Let d(y) = -y**2 + 52*y + 2340. Calculate d(-29).
-9
Let v(b) = -2*b**3 + 8*b**2 - 2*b - 2. What is v(3)?
10
Let q(o) = -o**3 - 64*o**2 - 745*o - 516. Calculate q(-49).
-26
Let l(r) = 10*r - 81. Determine l(8).
-1
Let o(l) = l**3 - 32*l**2 - 36*l + 61. Give o(33).
-38
Let k(a) = a**3 + 3*a**2 - 2*a. Give k(-1).
4
Let u(q) = 46*q + 487. Determine u(-12).
-65
Let p(f) = -f**3 + 10*f**2 - 19*f + 18. What is p(8)?
-6
Let m(l) = -l**3 + 15*l**2 + 111*l - 223. Give m(20).
-3
Let w(d) = d**2 - 4*d + 19. Determine w(10).
79
Let q(x) = 159*x**2 - 473*x - 14. Give q(3).
-2
Let d(z) = z**2 - 178*z + 1191. What is d(171)?
-6
Let p(n) = -20*n**2 - 51*n - 29. Determine p(-8).
-901
Let d(g) = g**3 + 22*g**2 + 107*g - 25. Calculate d(-14).
45
Let v(w) = -w**3 - 51*w**2 - 186*w - 2021. What is v(-48)?
-5
Let k(x) = x**2 + 11*x - 195. Give k(-32).
477
Let c(w) = -2*w**3 - 27*w**2 + 26*w + 172. Give c(-14).
4
Let o(f) = -f**3 + 20*f**2 - 363*f + 7300. What is o(20)?
40
Let t(f) = -13*f**2 - 67*f - 142. Determine t(-2).
-60
Let t(x) = x**2 + 92*x - 5112. Determine t(-131).
-3
Let t(o) = -6*o**2 - o + 122. Give t(-5).
-23
Let n(c) = 2*c**3 - 15*c**2 - c + 56. What is n(7)?
0
Let r(s) = 230*s**3 + 5*s**2 + 2*s. Calculate r(-1).
-227
Let y(r) = -5*r + 215. Determine y(31).
60
Let b(v) = -115*v + 24036. Calculate b(209).
1
Let d(z) = -19*z - 137. Calculate d(13).
-384
Let f(v) = 22*v - 3635. Determine f(165).
-5
Let w(p) = 3*p**2 - 60*p + 235. Give w(6).
-17
Let u(l) = l**3 + 5*l**2 + 5*l - 44. What is u(-5)?
-69
Let b(v) = 10*v + 320. What is b(-31)?
10
Let b(p) = -2*p**3 - 60*p**2 + 6*p + 124. Determine b(-30).
-56
Let y(a) = a**2 - 12*a - 1234. Determine y(42).
26
Let s(a) = 3*a**3 - 235*a**2 + 72*a - 142. Give s(78).
-610
Let s(z) = -6*z**2 + 84*z + 101. Determine s(15).
11
Let v(p) = -14*p - 134. Give v(-8).
-22
Let g(p) = -2*p**3 - 17*p**2 - 11*p - 13. Give g(-8).
11
Let q(r) = 3*r**2 + 70*r + 90. Determine q(-22).
2
Let t(l) = l**3 + 10*l**2 + 53*l + 276. Determine t(-8).
-20
Let m(k) = 3*k**2 - 112*k + 827. Determine m(12).
-85
Let x(s) = -s**3 + 122*s**2 + 193*s - 8615. Calculate x(123).
-5
Let o(y) = 3*y**2 + 257*y + 4902. Give o(-57).
0
Let j(m) = 7043*m + 119734. Determine j(-17).
3
Let n(h) = -h**3 + 191*h**2 - 381*h + 568. Calculate n(189).
1
Let k(g) = -g**2 + 98*g - 1010. What is k(85)?
95
Let f(t) = -t**3 + 15*t**2 - 43*t + 233. Give f(13).
12
Let o(q) = 2*q**3 - 79*q**2 - 33*q - 236. What is o(40)?
44
Let l(y) = 2*y**2 - 134*y - 717. What is l(72)?
3
Let o(n) = -28*n + 1699. Calculate o(61).
-9
Let g(x) = -145*x**2 - 4*x - 3. Give g(-1).
-144
Let c(a) = 161*a - 8226. Determine c(51).
-15
Let l(x) = 89*x**2 - 369*x + 53. Calculate l(4).
1
Let w(v) = 407*v - 70. Give w(-1).
-477
Let u(x) = -x**3 + 7*x**2 + 23*x - 108. Give u(4).
32
Let v(j) = 2*j**2 + 159*j - 840. What is v(5)?
5
Let y(b) = -3*b**2 + 72*b + 1497. Calculate y(-14).
-99
Let q(s) = -s**3 - 8*s**2 + 2*s + 50. Give q(-6).
-34
Let g(f) = -2*f**3 + 88*f**2 - 216*f + 2027. Calculate g(42).
11
Let f(j) = -181*j - 2744. What is f(-15)?
-29
Let s(q) = 3*q**2 - 217*q + 515. Calculate s(70).
25
Let g(a) = -2001*a - 1978. What is g(-1)?
23
Let q(j) = 3*j**3 - 4*j**2 - 6*j + 27. Give q(5).
272
Let y(k) = k**2 - 21*k - 559. What is y(-16)?
33
Let a(n) = -2*n**2 - 92*n + 747. Determine a(-53).
5
Let j(y) = 202*y + 7. Calculate j(-1).
-195
Let t(c) = c**3 - 108*c**2 + 977*c + 267. Calculate t(98).
-27
Let j(c) = 100*c + 1396. Calculate j(-14).
-4
Let u(z) = -2*z**3 + 12*z**2 + 69*z - 388. Determine u(5).
7
Let i(f) = -3*f**2 + 44*f - 163. Give i(6).
-7
Let p(s) = 4*s**3 + 5*s**2 - 20. Calculate p(-4).
-196
Let q(c) = 52*c + 499. What is q(-10)?
-21
Let k(p) = p**3 - 64*p**2 + 187*p - 234. What is k(61)?
10
Let x(y) = -y**2 + 13*y + 1591. Determine x(-34).
-7
Let h(u) = -3*u**3 - 9*u**2 - 8*u - 90. Determine h(-6).
282
Let r(q) = 12*q - 421. What is r(42)?
83
Let x(h) = 35*h + 4580. Calculate x(-128).
100
Let l(d) = -4*d + 262. Determine l(0).
262
Let i(s) = 576*s + 46677. What is i(-81)?
21
Let x(r) = 482*r**2 - 23*r - 1. What is x(1)?
458
Let o(j) = 5*j**3 - 68*j**2 - 21*j + 18. Calculate o(14).
116
Let s(v) = -2*v**2 + 161*v - 370. Determine s(78).
20
Let i(u) = 636*u + 3815. Determine i(-6).
-1
Let f(o) = -2*o**3 - 26*o**2 + 10*o + 124. Determine f(-13).
-6
Let k(p) = p**2 - 119*p - 354. What is